 + 3*n + q*n**3 - n**3. Determine b(k).
1
Let v(m) = -6*m + m**3 + 1 + 0*m**3 - 3*m**2 + 3. Let l = -771 + -244. Let j = l - -1019. Give v(j).
-4
Let t(a) be the third derivative of -a**7/1260 - a**6/240 + a**5/120 - 13*a**4/6 + 101*a**2. Let o(j) be the second derivative of t(j). Calculate o(-3).
-8
Let r be (30/(-24))/((-35)/168). Let n(k) = 3*k**3 + k**2 + 3*k + 5. Let u(f) = f**3 - f**2. Let z(b) = n(b) - 4*u(b). Calculate z(r).
-13
Let q(h) = h**3 + h**2 - h - 5. Let c = -4 + 5. Let b be ((-3)/(-9) - c) + (-77)/(-21). Suppose -b*o - o = 2*o. What is q(o)?
-5
Suppose -5*a = -29 + 4. Suppose -18 = -2*g + a*d, -5*g + 16 = -0*d + 2*d. Let z(o) = -7*o + 3*o**2 - o**2 + o - 3946 + 3951. Determine z(g).
13
Let z = 339 - 324. Let k(h) = 250*h + 3 + z*h**2 - 251*h - 2. Calculate k(1).
15
Let q(v) = v**2 + 4*v - 2. Let g be -6*1/(-42) - (-24)/(-21). Let u be (g/(10/80))/(4/2). Calculate q(u).
-2
Let q be (0*2/4)/((-24)/(-12)). Suppose -4*w + 7 - 11 = 0, q = -5*d + 4*w + 9. Let s(a) = -1 - 1 + 3*a + 1 + 3*a. Calculate s(d).
5
Let r(u) = -15*u + 3. Let h be (-26 + 25)*1*-1*5. Let q(d) = 17*d - 3. Let v(t) = h*q(t) + 6*r(t). What is v(-6)?
33
Let c(i) = -7*i**2 + 11*i + 9. Let q(s) = -3*s**2 + 6*s + 4. Let l(n) = 2*c(n) - 5*q(n). Let v = 74 - 67. What is l(v)?
-9
Let p be (-2541)/(-484) - ((-1)/(-4))/1. Let u(g) = g**2 - 21*g + 9. Let m(q) = -q**2 + 10*q - 5. Let l(j) = p*m(j) + 2*u(j). Determine l(5).
-42
Let h be 2 - 0/((-4)/2). Let s(d) be the first derivative of -d**4/4 + 2*d**3/3 + d**2 + d + 29813. Calculate s(h).
5
Let n(a) be the first derivative of 6*a**2 - a**2 + a**3 + 8 + 4 - 4 - 9*a. Let v(x) = 2*x**2 + 6*x - 5. Let y(p) = 3*n(p) - 5*v(p). Determine y(0).
-2
Let t(b) = b**2 + 14*b - 46. Let q be (-10 - 92/(-8))*16/(-3)*2. Calculate t(q).
-14
Let w(y) = -9*y + 8. Let g(o) = -o + 1. Let j(z) = 6*g(z) - w(z). Let b = 101 - 105. Let n be b/10 - 243/(-45). Give j(n).
13
Let v = 8 - -7. Suppose -57 = -v*b + 18. Let m(c) = b - 4*c - c**2 - 3 - 3 + 7. Give m(-6).
-6
Let d = -325 + 325. Suppose -13*q + 11*q + 8 = d. Let a(h) = -2*h**2 + 5*h + 4. Calculate a(q).
-8
Let n(p) = p**3 - 5*p**2 - p - 1. Suppose -8*c + 201 = -7*c. Let v = -197 + c. Determine n(v).
-21
Let v = 386 - 229. Let o = v - 140. Let n(b) = b**2 - 18*b + 12. Give n(o).
-5
Let r(w) = 3*w**2 + 28*w - 21. Let o be (13 - -40)*(0 + -1). Let i = -63 - o. Let q be r(i). Let d(c) = 25*c**3 - 2*c**2 - c. Determine d(q).
-26
Let t(f) = f**2 + 2*f + 1. Suppose 2 = -0*u + u. Suppose -m - m + 5*w = 14, m + 5 = u*w. Calculate t(m).
16
Suppose 0 = -3*s - 12, 0*m - s + 173 = m. Let a(h) = 3 - 353*h**2 + m*h**2 + 177*h**2 + 7*h. What is a(-4)?
-9
Let f(n) = -2*n**3 + 2*n**2 + 2*n - 1. Let p = 17 - 9. Let b(w) = -w**3 + 6*w**2 + 19*w + 6. Let y be b(p). Let j = y + -28. Calculate f(j).
-5
Let w(r) be the third derivative of r**4/12 + 2*r**3/3 - r**2. Suppose -7517 - 18223 = -45*i. Let h = -577 + i. Give w(h).
-6
Let r(q) = q**2 - 17*q + 54. Suppose -4*a - 3*y + y + 56 = 0, -4*a + 2*y + 40 = 0. Let h be r(a). Let i(w) = -2*w - 9. Give i(h).
3
Suppose s + 7 = -1. Let f(k) = -5*k + 4. Let j(q) = 7*q - 5. Suppose 5*c = -4*n + 1, n - 5 + 4 = -c. Let u(o) = c*f(o) - 2*j(o). Give u(s).
-10
Suppose 18*s - 123 = 15*s. Suppose -12 = 3*p, p + 3*p = -5*o - s. Let l(t) = 12*t + 18. Let g(d) = 17*d + 27. Let x(r) = 5*g(r) - 7*l(r). What is x(o)?
4
Suppose -24*z + 74 = 13*z. Let t = 8 + -6. Let n(h) = -h + t + 0 + h - 6*h. Determine n(z).
-10
Let a(p) be the second derivative of -p**5/10 + 17*p**4/12 - 11*p**3/6 + 9*p**2 + 603*p. Give a(8).
-6
Let n(p) be the second derivative of p**5/20 + 19*p**4/6 - 19*p**3/3 + 30*p**2 + 29*p - 171. Give n(-39).
21
Let b(q) = 11*q**3 + 12*q**2 - 18*q - 14. Let v(x) = 7*x**3 + 8*x**2 - 12*x - 9. Let s(c) = 5*b(c) - 8*v(c). Let f be (-5)/(-1 - -5 - 3). Determine s(f).
-3
Suppose 2 = -i - h - 0*h, 5*h = -2*i - 16. Let b be (-24)/(-15) + (-4)/(-10). Let c(w) = -3*w**b - 7*w - 6 + 2*w**i - w**2. Calculate c(-4).
-10
Let u(t) be the first derivative of -t**3/3 - 13*t**2/2 - 12*t - 828. Let h be (1 + -2)*13*1. Determine u(h).
-12
Let t(w) = 4*w - 9. Suppose 0 = -9*d + 12*d - 9. Suppose -4*h + g + d*g = -32, 3*g = 0. Let s(c) = c - 2. Let b be s(h). Determine t(b).
15
Let b(s) = -s**2 + s + 10. Let u(v) = 7*v**2 + 10*v - 50. Let z(l) = -6*b(l) - u(l). Determine z(-11).
45
Suppose 241*f = 246*f + 4*m - 45, -m = 5*f - 60. Let w(p) = -4*p + 50. Determine w(f).
-2
Let n(q) be the second derivative of 0 + 1/6*q**3 + 5*q**2 - 35*q. What is n(-7)?
3
Suppose -51 = -195*s + 178*s. Let u(m) = -m**3 + 7*m**2 - 14*m + 19. Give u(s).
13
Suppose t - 159 + 114 = 0. Let w be -1*(-30)/t - 22/6. Let q(n) = -n + 6. What is q(w)?
9
Let v(k) = k**2 + 8*k + 1. Let r(p) = 13*p - 13. Let m be r(1). Suppose -40*f - 56 - 344 = m. Calculate v(f).
21
Let d(w) be the second derivative of w**3/2 - 3*w**2/2 + 7*w. Let o be (0 + 11 + 2)/(-1 + 2). Suppose -3*t + 4*z + o = -0*t, 0 = -4*z - 4. Determine d(t).
6
Let j(z) be the third derivative of z**6/120 - 47*z**5/60 - 49*z**4/24 + 13*z**3/2 + 6542*z**2 - 1. Give j(48).
-9
Let w(x) be the first derivative of x**2/2 + 4*x + 10499. Let a = 8 - 14. Calculate w(a).
-2
Suppose -m - 3 = -6. Let s(a) be the third derivative of 2/3*a**3 - 1/6*a**4 + 5*a**2 + 1/60*a**5 + 0 + 0*a. Give s(m).
1
Let r(q) = -q**2 - 268*q - 15. Let b be r(0). Let m(v) = v**3 + 15*v**2 - v - 22. What is m(b)?
-7
Suppose 4*k - 8 = -0*k. Suppose -6*p + 28 = -k. Let h(o) = -2 + 2 - 6*o + p*o + 3. Determine h(8).
-5
Let j(o) = -o**3. Let i be j(0). Let f(l) = 4*l**2 + 4*l - 3*l + 2 - 3*l**2 + i*l + 0*l. Determine f(0).
2
Let m(o) be the third derivative of -o**6/120 - 11*o**5/30 - 11*o**4/12 - 31*o**3/6 - 251*o**2 + 1. Calculate m(-21).
-10
Suppose 6*t - 3*t - 57 = 0. Let r(z) = -21*z + 1 - t*z + 4 + 45*z. What is r(-7)?
-30
Let u(j) = j**2 + 1. Let c(p) = -4*p**2 + 4*p - 6. Let w(z) = c(z) + 5*u(z). Let d = -77 - -81. Let t be (-8 + d/2)*(-6)/(-12). Give w(t).
-4
Let i(b) be the third derivative of -b**6/30 - b**3/6 + 4*b**2. Let q(p) = 124*p**3 + 2*p + 3. Let o be q(-1). Let a = 122 + o. What is i(a)?
3
Let x(k) = 15*k + 16*k - 1 + 17*k - 50*k. Suppose 0 = -2*w + 10, 5*l + 3 = 4*w - 17. Give x(l).
-1
Let d(k) = 1141*k**2 - 1146*k**2 - 4*k - 2*k + 2 + 4. Give d(-3).
-21
Let n(f) be the first derivative of -f**6/180 - f**5/10 - f**4/12 - 9*f**3 + 2*f - 37. Let o(u) be the third derivative of n(u). Calculate o(-6).
-2
Let k(m) be the first derivative of -32 - 1/3*m**3 - 4*m + 1/4*m**4 - m**2. Calculate k(3).
8
Let l be 24/88 + (-175)/77 - -1*3. Let r(u) = -8*u**2 + 9*u - 8. Give r(l).
-7
Let u(v) = -v - 2. Suppose i + 3*k = 6, -2*i - 3*k + 28 = -k. Let f = 7 - i. Give u(f).
9
Let r(v) = v**2 + 9*v. Let c = -537 - -575. Suppose -25*p - 28 = 2*z - 28*p, 4*z + 3*p + c = 0. What is r(z)?
22
Let u(i) = 14090*i - 104*i**2 - 14097*i + 106*i**2 - 6. Calculate u(3).
-9
Suppose 0 = 95*s - 7*s + 71 + 17. Let j(t) = -5 + 5 + t**2. Calculate j(s).
1
Let j(i) = i**3 - 8*i**2 - i + 19. Suppose 5*f + 2*r - 38 + 2 = 0, -2*f = 5*r - 6. Calculate j(f).
11
Let i(r) = r**3 + 8*r**2 - 34*r - 5. Let n be -2*(-902)/(-410)*10/4. Calculate i(n).
6
Let p(c) = 4*c + 3. Let f be 4/((1 + 0)/(150/60)). Give p(f).
43
Let p(q) = -41*q - 908. Let g(s) = -37*s - 817. Let j(b) = 10*g(b) - 9*p(b). Let d(x) = -x**2 + 5. Let a be d(0). Calculate j(a).
-3
Suppose 4*j + 5*c = -49, -2*c = -0*j - 4*j - 42. Let o(h) = -15 + 3 + 867*h - 879*h - h**2. Give o(j).
-1
Let z = -924 + 1180. Let l(m) = z - 4*m + 3*m - 506 + 235. Let v be (-48)/5 + 4/(-10). Calculate l(v).
-5
Let h(t) = -2*t**2 - 16*t. Let x be -4 + -10 - (-29)/((-406)/(-84)). What is h(x)?
0
Let g be 0 - (-3 + 3)/1. Suppose g*u - 4*u = -24. Let l(j) = -11*j - j**3 + 7*j**2 + 4*j - 509 + 502. Determine l(u).
-13
Let p(l) = 8*l**3 + 3*l**2 - 5*l + 5. Suppose -265*j - 3*b - 25 = -270*j, 3*j - 4*b = 26. What is p(j)?
71
Let m(j) be the first derivative of -j**4/4 + 3*j**3 - j**2/2 + 17*j - 1732. Calculate m(9).
8
Let z = -4 + 8. Let a(m) = -16*m**3 + 3*m**2 + 73*m - 5. Let r(j) = 13*j**3 - 3*j**2 - 59*j + 5. Let u(q) = -4*a(q) - 5*r(q). Calculate u(z).
-9
Let o(z) = 3*z**2 - 42*z - 19. Let j(i) = -2*i**2 + 28*i + 12. Let a = -68 - -61. Let x(w) = a*j(w) - 5*o(w). Give x(15).
-4
Let q(i) b